{"id":7568,"date":"2025-10-31T11:42:47","date_gmt":"2025-10-31T08:42:47","guid":{"rendered":"https:\/\/elysoracosmetics.com\/?post_type=product&#038;p=7568"},"modified":"2025-10-31T11:42:47","modified_gmt":"2025-10-31T08:42:47","slug":"follicle-boost-sac-cikmasini-destekleyen-yogun-etkili-serum-kafein-biotin-kolajen","status":"publish","type":"product","link":"https:\/\/elysoracosmetics.com\/index.php\/product\/follicle-boost-sac-cikmasini-destekleyen-yogun-etkili-serum-kafein-biotin-kolajen\/","title":{"rendered":"Follicle Boost \u2013 Sa\u00e7 \u00c7\u0131kmas\u0131n\u0131 Destekleyen Yo\u011fun Etkili Serum | Kafein + Biotin + Kolajen"},"content":{"rendered":"<ul>\n<li>\u00a0<b>Biotin (B7 Vitamini):<\/b>Sa\u00e7\u0131n temel yap\u0131 ta\u015flar\u0131n\u0131 destekleyerek sa\u00e7 k\u00f6klerini g\u00fc\u00e7lendirir ve sa\u00e7 tellerinin sa\u011fl\u0131kl\u0131 uzamas\u0131na yard\u0131mc\u0131 olur.<\/li>\n<li>\u00a0<b>Kafein:<\/b>, kan dola\u015f\u0131m\u0131n\u0131 h\u0131zland\u0131r\u0131r ve sa\u00e7\u0131n b\u00fcy\u00fcme d\u00f6ng\u00fcs\u00fcn\u00fc destekleyerek d\u00f6k\u00fclmeye kar\u015f\u0131 sava\u015f\u0131r.<\/li>\n<li>\u00a0<b>Kolajen:<\/b>Sa\u00e7\u0131n esnekli\u011fini art\u0131r\u0131r, k\u0131r\u0131lmalar\u0131 azalt\u0131r ve sa\u00e7 tellerine hacim kazand\u0131rarak dolgun bir g\u00f6r\u00fcn\u00fcm sa\u011flar.<\/li>\n<li>\u00a0<b>Hyaluronik Asit:<\/b>Sa\u00e7 derisini ve telleri nemlendirir, kurulu\u011fu \u00f6nler ve sa\u00e7\u0131n canl\u0131l\u0131\u011f\u0131n\u0131 art\u0131r\u0131r.<\/li>\n<li>\u00a0<b>D\u00f6k\u00fclmeye Kar\u015f\u0131 G\u00fc\u00e7l\u00fc Destek:<\/b>Sa\u00e7 k\u00f6klerini g\u00fc\u00e7lendirerek azaltmaya yard\u0131mc\u0131 olur.<\/li>\n<li>\u00a0<b>Sa\u00e7 K\u00f6klerini Canland\u0131rma:<\/b>Sa\u00e7 folik\u00fcllerini uyar\u0131r ve daha aktif \u00e7al\u0131\u015fmas\u0131n\u0131 sa\u011flar.<\/li>\n<li>\u00a0<b>Dolgun ve Hacimli G\u00f6r\u00fcn\u00fcm:<\/b>\u0130nce telli sa\u00e7lara hacim kazand\u0131r\u0131r, daha yo\u011fun ve dolgun bir sa\u00e7 g\u00f6r\u00fcn\u00fcm\u00fc yarat\u0131r.<\/li>\n<li>\u00a0<b>Besleyici ve Onar\u0131c\u0131:<\/b>\u0130\u00e7eri\u011findeki vitamin ve proteinlerle sa\u00e7 tellerini besler, sa\u011fl\u0131kl\u0131 uzamay\u0131 destekler.<\/li>\n<li>\u00a0<b>Kolay Uygulama:<\/b>Temiz ve kuru sa\u00e7 derisine uygulay\u0131n. Sprey veya damlal\u0131k yard\u0131m\u0131yla sa\u00e7\u0131n seyrekle\u015fen b\u00f6lgelerine e\u015fit miktarda s\u0131k\u0131n. Parmak u\u00e7lar\u0131n\u0131zla 1-2 dakika masaj yaparak emilimini sa\u011flay\u0131n. G\u00fcnl\u00fck d\u00fczenli kullan\u0131mda maksimum etki g\u00f6sterir.<\/li>\n<\/ul>\n","protected":false},"excerpt":{"rendered":"<p>\u00a0Biotin (B7 Vitamini):Sa\u00e7\u0131n temel yap\u0131 ta\u015flar\u0131n\u0131 destekleyerek sa\u00e7 k\u00f6klerini g\u00fc\u00e7lendirir ve sa\u00e7 tellerinin sa\u011fl\u0131kl\u0131 uzamas\u0131na yard\u0131mc\u0131 olur. \u00a0Kafein:, kan dola\u015f\u0131m\u0131n\u0131 h\u0131zland\u0131r\u0131r ve sa\u00e7\u0131n b\u00fcy\u00fcme d\u00f6ng\u00fcs\u00fcn\u00fc destekleyerek d\u00f6k\u00fclmeye kar\u015f\u0131 sava\u015f\u0131r. \u00a0Kolajen:Sa\u00e7\u0131n esnekli\u011fini art\u0131r\u0131r, k\u0131r\u0131lmalar\u0131 azalt\u0131r ve sa\u00e7 tellerine hacim kazand\u0131rarak dolgun bir g\u00f6r\u00fcn\u00fcm sa\u011flar. \u00a0Hyaluronik Asit:Sa\u00e7 derisini ve telleri nemlendirir, kurulu\u011fu \u00f6nler ve sa\u00e7\u0131n canl\u0131l\u0131\u011f\u0131n\u0131 art\u0131r\u0131r. \u00a0D\u00f6k\u00fclmeye Kar\u015f\u0131 G\u00fc\u00e7l\u00fc Destek:Sa\u00e7 k\u00f6klerini\u2026<\/p>\n","protected":false},"featured_media":7569,"comment_status":"open","ping_status":"closed","template":"","meta":[],"product_brand":[],"product_cat":[70],"product_tag":[],"class_list":{"0":"post-7568","1":"product","2":"type-product","3":"status-publish","4":"has-post-thumbnail","6":"product_cat-sac-bakim","8":"first","9":"instock","10":"shipping-taxable","11":"purchasable","12":"product-type-simple"},"_links":{"self":[{"href":"https:\/\/elysoracosmetics.com\/index.php\/wp-json\/wp\/v2\/product\/7568","targetHints":{"allow":["GET"]}}],"collection":[{"href":"https:\/\/elysoracosmetics.com\/index.php\/wp-json\/wp\/v2\/product"}],"about":[{"href":"https:\/\/elysoracosmetics.com\/index.php\/wp-json\/wp\/v2\/types\/product"}],"replies":[{"embeddable":true,"href":"https:\/\/elysoracosmetics.com\/index.php\/wp-json\/wp\/v2\/comments?post=7568"}],"wp:featuredmedia":[{"embeddable":true,"href":"https:\/\/elysoracosmetics.com\/index.php\/wp-json\/wp\/v2\/media\/7569"}],"wp:attachment":[{"href":"https:\/\/elysoracosmetics.com\/index.php\/wp-json\/wp\/v2\/media?parent=7568"}],"wp:term":[{"taxonomy":"product_brand","embeddable":true,"href":"https:\/\/elysoracosmetics.com\/index.php\/wp-json\/wp\/v2\/product_brand?post=7568"},{"taxonomy":"product_cat","embeddable":true,"href":"https:\/\/elysoracosmetics.com\/index.php\/wp-json\/wp\/v2\/product_cat?post=7568"},{"taxonomy":"product_tag","embeddable":true,"href":"https:\/\/elysoracosmetics.com\/index.php\/wp-json\/wp\/v2\/product_tag?post=7568"}],"curies":[{"name":"wp","href":"https:\/\/api.w.org\/{rel}","templated":true}]}}